{"id":2,"date":"2022-04-24T21:51:25","date_gmt":"2022-04-24T19:51:25","guid":{"rendered":"http:\/\/ateliersdefred.fr\/?page_id=2"},"modified":"2022-10-24T10:09:01","modified_gmt":"2022-10-24T08:09:01","slug":"page-d-exemple","status":"publish","type":"page","link":"https:\/\/ateliersdefred.fr\/?page_id=2","title":{"rendered":"Bracelet chemin de vie"},"content":{"rendered":"\n<p><script type=\"text\/javascript\">\r\n\r\nfunction afficher(etat)\r\n{   \r\n    document.getElementById(\"champ\").style.display=etat;   \r\n\tdocument.getElementById(\"elastique\").style.display=etat; \r\n}\r\n\r\nfunction afficher2(etat)\r\n{   \r\n    document.getElementById(\"champ2\").style.display=etat;\r\n\tdocument.getElementById(\"fermoir\").style.display=etat; \t\r\n}\r\n\r\nfunction souschamp1(etat)\r\n{   \r\ndocument.getElementById(\"souschamp1\").style.display=etat;\r\n}\r\n\r\nfunction separaterock(etat)\r\n{   \r\n    document.getElementById(\"separaterock\").style.display=etat; \r\n}\r\nfunction separatesilver(etat)\r\n{   \r\n    document.getElementById(\"separatesilver\").style.display=etat; \r\n}\r\nfunction onlyrock(etat)\r\n{   \r\n    document.getElementById(\"onlyrock\").style.display=etat; \r\n}\r\nfunction separaterock1(etat)\r\n{   \r\n    document.getElementById(\"separaterock1\").style.display=etat; \r\n}\r\nfunction separatesilver1(etat)\r\n{   \r\n    document.getElementById(\"separatesilver1\").style.display=etat; \r\n}\r\nfunction onlyrock1(etat)\r\n{   \r\n    document.getElementById(\"onlyrock1\").style.display=etat; \r\n}\r\n\r\nfunction souschamp2(etat)\r\n{   \r\n    document.getElementById(\"souschamp2\").style.display=etat; \r\n}\r\n\r\n\r\n\r\nfunction souschamp3(etat)\r\n{   \r\n    document.getElementById(\"souschamp3\").style.display=etat;\r\n}\r\n\r\nfunction souschamp4(etat)\r\n{   \r\n    document.getElementById(\"souschamp4\").style.display=etat;   \r\n}\r\n\r\nfunction souschamp5(etat)\r\n{   \r\n    document.getElementById(\"souschamp5\").style.display=etat;   \r\n}\r\n\r\nfunction souschamp6(etat)\r\n{   \r\n    document.getElementById(\"souschamp6\").style.display=etat;   \r\n}\r\n\r\n\r\n<\/script><\/p>\n\n\n\n<p>Fred vous propose de calculer ensemble votre chemin de vie et ainsi vous apporter son expertise dans la confection d&rsquo;un bracelet unique et qui vous ressemble. Il associe la lithoth\u00e9rapie et la num\u00e9rologie. <\/p>\n\n\n\n<p>Faites l&rsquo;essai et calculez votre chemin de vie. <\/p>\n\n\n\n<p><em><a href=\"https:\/\/ateliersdefred.fr\/?page_id=736\"><span style=\"text-decoration: underline;\">Pour en savoir plus sur le chemin de vie et s<\/span><\/a><a href=\"https:\/\/ateliersdefred.fr\/?page_id=736\" target=\"_blank\" rel=\"noreferrer noopener\"><span style=\"text-decoration: underline;\">a d\u00e9finition cliquez ici !<\/span><\/a><\/em><\/p>\n\n\n\n<p><\/p>\n\n\n<p><script src=\"https:\/\/code.jquery.com\/jquery-1.12.4.min.js\"><\/script><br>\n    <script type=\"text\/javascript\"><br \/>\n      $(document).ready(function(){<br \/>\n        $('input[type=\"radio\"]').click(function(){<br \/>\n          var val = $(this).attr(\"value\");<br \/>\n          var target = $(\".\" + val);<br \/>\n          $(\".msg\").not(target).hide();<br \/>\n          $(target).show();<br \/>\n        });<br \/>\n      });<br \/>\n    <\/script><\/p>\n\n\n","protected":false},"excerpt":{"rendered":"<p>Fred vous propose de calculer ensemble votre chemin de vie et ainsi vous apporter son expertise dans la confection d&rsquo;un bracelet unique et qui vous ressemble. Il associe la lithoth\u00e9rapie et la num\u00e9rologie. Faites l&rsquo;essai et calculez votre chemin de vie. Pour en savoir plus sur le chemin de vie et sa d\u00e9finition cliquez ici <a class=\"read-more\" href=\"https:\/\/ateliersdefred.fr\/?page_id=2\">READ MORE<\/a><\/p>\n","protected":false},"author":1,"featured_media":0,"parent":0,"menu_order":0,"comment_status":"closed","ping_status":"open","template":"","meta":{"footnotes":""},"class_list":["post-2","page","type-page","status-publish","hentry"],"jetpack-related-posts":[],"jetpack_sharing_enabled":true,"_links":{"self":[{"href":"https:\/\/ateliersdefred.fr\/index.php?rest_route=\/wp\/v2\/pages\/2","targetHints":{"allow":["GET"]}}],"collection":[{"href":"https:\/\/ateliersdefred.fr\/index.php?rest_route=\/wp\/v2\/pages"}],"about":[{"href":"https:\/\/ateliersdefred.fr\/index.php?rest_route=\/wp\/v2\/types\/page"}],"author":[{"embeddable":true,"href":"https:\/\/ateliersdefred.fr\/index.php?rest_route=\/wp\/v2\/users\/1"}],"replies":[{"embeddable":true,"href":"https:\/\/ateliersdefred.fr\/index.php?rest_route=%2Fwp%2Fv2%2Fcomments&post=2"}],"version-history":[{"count":0,"href":"https:\/\/ateliersdefred.fr\/index.php?rest_route=\/wp\/v2\/pages\/2\/revisions"}],"wp:attachment":[{"href":"https:\/\/ateliersdefred.fr\/index.php?rest_route=%2Fwp%2Fv2%2Fmedia&parent=2"}],"curies":[{"name":"wp","href":"https:\/\/api.w.org\/{rel}","templated":true}]}}