{"id":1366,"date":"2023-01-18T13:49:08","date_gmt":"2023-01-18T12:49:08","guid":{"rendered":"https:\/\/ateliersdefred.fr\/?product=quartz-rose"},"modified":"2023-01-18T13:49:48","modified_gmt":"2023-01-18T12:49:48","slug":"quartz-rose","status":"publish","type":"product","link":"https:\/\/ateliersdefred.fr\/?product=quartz-rose","title":{"rendered":"Quartz rose"},"content":{"rendered":"<p>blocs de quartz rose<\/p>\n<p>poids 1,095kg<\/p>\n<p>provenances Madagascar<\/p>\n<p>polis de chaque face et coupe pour support<\/p>\n","protected":false},"excerpt":{"rendered":"<p>Le quartz rose\ud83d\udc97<\/p>\n<p>\ud83d\udc49Composition :<br \/>\nChimique&gt;silicium, aluminium, phosphore, mangan\u00e8se<br \/>\nMineral&gt;quartz et dumortierite<\/p>\n<p>\ud83d\udc49les Gisements<br \/>\nLe quartz en g\u00e9n\u00e9ral repr\u00e9sente 12% du manteau terrestre<br \/>\nLes Gisements principaux :<br \/>\nBr\u00e9sil, Madagascar, \u00c9tats-Unis, Inde, France (Aveyron, Haute-Vienne)<br \/>\n\ud83d\udc49D\u00e9couverte ,Histoire et L\u00e9gende :<br \/>\nLes premi\u00e8res utilisations du quartz<br \/>\nrose apparaissent en<br \/>\nM\u00e9sopotamie (Irak)il a -7000 ans.<br \/>\nIl est pr\u00e9sent dans toutes civilisations forme de bijoux statuettes,burin,pointe de fl\u00e8ches,talisman ou m\u00eame philtre d&rsquo;amour&#8230;<br \/>\nIl est tr\u00e8s difficile \u00e0 sculpter \u00e7a ne ce fait que dans un sens.<br \/>\n\u2022En \u00c9gypte antique :ils \u00e9taient broy\u00e9s en poudre et utilis\u00e9 en cosm\u00e9tique. \u2022Mythologie grecque: Adomis l&rsquo;amant Aphrodite meurt tue par un sanglier . Aphrodite le rejoins pour le sauver se blesse .le sang des amoureux se m\u00e9lange et donne naissance au quartz rose.<br \/>\n\u2022En France Louis XIV \u00e9tait grand collectionneur de produits en quartz rose<\/p>\n<p>\ud83d\udc49Vertus**:<br \/>\n\u2022 Pierre de l&rsquo;amour et de douceur \u00e9loigne le stress<br \/>\n\u2022Pierre de tendresse et de l&rsquo;amiti\u00e9<br \/>\n\u2022Aide \u00e0 calmer les angoisses<br \/>\n\u2022Lutte contre les Insomnie et \u00e9loigne les cauchemars sommeil agit\u00e9<br \/>\n\u2022Aide \u00e0 surmonter le deuil<br \/>\n\u2022Favorise le calme et la paix int\u00e9rieure pour m\u00e9diter<br \/>\n\u2022Calme les enfants hyperactifs ou turbulents<br \/>\n\u2022Pierre des artistes et de la cr\u00e9ativit\u00e9<\/p>\n<p>\ud83d\udc49Signe astrologique et chakra :<br \/>\nTaureau cancer vierge balance<br \/>\n4eme Chakra le coeur appel\u00e9 Anahata<\/p>\n<p>\ud83d\udc49Purification et rechargement:<br \/>\nEau, Lune, Bol tib\u00e9tain, Coquille Saint-Jacques ,fumigation<br \/>\n\ud83c\udf1epas de soleil il blanchi<\/p>\n<p>**La lithoth\u00e9rapie n&rsquo;est pas un m\u00e9dicament mais peut servir de compl\u00e9ment .<br \/>\nBiensur ,en aucun cas il doit<br \/>\nremplacer un traitement m\u00e9dical<br \/>\nappropri\u00e9 seul un m\u00e9decin le peut.<br \/>\nCes informations relatent des connaissances personnelles,croyance,les propri\u00e9t\u00e9s traditionnelles des pierres en lithoth\u00e9rapie telle indiqu\u00e9es dans de nombreux ouvrages de r\u00e9f\u00e9rence.<\/p>\n","protected":false},"featured_media":1358,"comment_status":"open","ping_status":"closed","template":"","meta":[],"product_brand":[],"product_cat":[110,15,53],"product_tag":[],"class_list":{"0":"post-1366","1":"product","2":"type-product","3":"status-publish","4":"has-post-thumbnail","6":"product_cat-blocs-forme-libres","7":"product_cat-mineral","8":"product_cat-poli","10":"first","11":"instock","12":"shipping-taxable","13":"purchasable","14":"product-type-simple"},"jetpack-related-posts":[],"jetpack_sharing_enabled":true,"_links":{"self":[{"href":"https:\/\/ateliersdefred.fr\/index.php?rest_route=\/wp\/v2\/product\/1366","targetHints":{"allow":["GET"]}}],"collection":[{"href":"https:\/\/ateliersdefred.fr\/index.php?rest_route=\/wp\/v2\/product"}],"about":[{"href":"https:\/\/ateliersdefred.fr\/index.php?rest_route=\/wp\/v2\/types\/product"}],"replies":[{"embeddable":true,"href":"https:\/\/ateliersdefred.fr\/index.php?rest_route=%2Fwp%2Fv2%2Fcomments&post=1366"}],"wp:featuredmedia":[{"embeddable":true,"href":"https:\/\/ateliersdefred.fr\/index.php?rest_route=\/wp\/v2\/media\/1358"}],"wp:attachment":[{"href":"https:\/\/ateliersdefred.fr\/index.php?rest_route=%2Fwp%2Fv2%2Fmedia&parent=1366"}],"wp:term":[{"taxonomy":"product_brand","embeddable":true,"href":"https:\/\/ateliersdefred.fr\/index.php?rest_route=%2Fwp%2Fv2%2Fproduct_brand&post=1366"},{"taxonomy":"product_cat","embeddable":true,"href":"https:\/\/ateliersdefred.fr\/index.php?rest_route=%2Fwp%2Fv2%2Fproduct_cat&post=1366"},{"taxonomy":"product_tag","embeddable":true,"href":"https:\/\/ateliersdefred.fr\/index.php?rest_route=%2Fwp%2Fv2%2Fproduct_tag&post=1366"}],"curies":[{"name":"wp","href":"https:\/\/api.w.org\/{rel}","templated":true}]}}