{"id":1389,"date":"2023-01-26T21:38:43","date_gmt":"2023-01-26T20:38:43","guid":{"rendered":"https:\/\/ateliersdefred.fr\/?product=dent-de-mosasaure"},"modified":"2024-03-22T13:33:49","modified_gmt":"2024-03-22T12:33:49","slug":"dent-de-mosasaure","status":"publish","type":"product","link":"https:\/\/ateliersdefred.fr\/?product=dent-de-mosasaure","title":{"rendered":"Fossile de dent de  mosasaure"},"content":{"rendered":"<p>Une dent fossile de mosasaure du Maroc est un vestige fascinant de l&rsquo;\u00e9poque des dinosaures, provenant d&rsquo;une cr\u00e9ature marine pr\u00e9historique qui a r\u00e9gn\u00e9 dans les mers du Cr\u00e9tac\u00e9, il y a environ 70 \u00e0 66 millions d&rsquo;ann\u00e9es. Les mosasaures \u00e9taient de redoutables pr\u00e9dateurs, similaires \u00e0 des l\u00e9zards marins g\u00e9ants, et pouvaient atteindre jusqu&rsquo;\u00e0 17 m\u00e8tres de long.<\/p>\n<p>Caract\u00e9ristiques d&rsquo;une Dent de Mosasaure:<\/p>\n<p>&#8211; Taille :La taille d&rsquo;une dent de mosasaure peut varier consid\u00e9rablement, allant de quelques centim\u00e8tres \u00e0 plus de dix centim\u00e8tres de long, en fonction de la taille de l&rsquo;animal et de la position de la dent dans la m\u00e2choire.<br \/>\n&#8211; Forme :Les dents de mosasaure sont g\u00e9n\u00e9ralement coniques, pointues et l\u00e9g\u00e8rement courb\u00e9es vers l&rsquo;arri\u00e8re, optimis\u00e9es pour saisir et trancher les proies glissantes comme les poissons et les calmars.<br \/>\n&#8211; Couleur et Texture : La couleur peut varier d&rsquo;un brun fonc\u00e9 \u00e0 un noir profond, souvent avec des nuances ou des marbrures. La texture de la surface peut \u00eatre lisse ou l\u00e9g\u00e8rement rugueuse, avec des stries verticales discr\u00e8tes.<br \/>\n&#8211; Origine G\u00e9ologique :Ces fossiles sont souvent trouv\u00e9s dans les phosphates du Maroc, une r\u00e9gion c\u00e9l\u00e8bre pour ses riches gisements de fossiles marins du Cr\u00e9tac\u00e9.<\/p>\n<p>Signification:<br \/>\nLes dents fossiles de mosasaure sont non seulement de pr\u00e9cieuses pi\u00e8ces de collection pour les amateurs de pal\u00e9ontologie mais aussi des fen\u00eatres sur le pass\u00e9, offrant des indices sur les \u00e9cosyst\u00e8mes marins anciens et les cha\u00eenes alimentaires de l&rsquo;\u00e9poque du Cr\u00e9tac\u00e9. Leur d\u00e9couverte et leur \u00e9tude contribuent \u00e0 enrichir notre compr\u00e9hension de l&rsquo;histoire de la vie sur Terre.<\/p>\n<p>Conservation:<br \/>\nBien que robustes, ces fossiles n\u00e9cessitent une manipulation soign\u00e9e pour pr\u00e9server leur int\u00e9grit\u00e9.Leur pr\u00e9servation jusqu&rsquo;\u00e0 nos jours est un t\u00e9moignage de la capacit\u00e9 de la nature \u00e0 conserver des traces de vie \u00e0 travers les \u00e8res g\u00e9ologiques, permettant aux scientifiques et aux passionn\u00e9s d&rsquo;explorer le riche patrimoine naturel de notre plan\u00e8te.<\/p>\n","protected":false},"excerpt":{"rendered":"<p>Une dent fossile de mosasaure du Maroc est un vestige fascinant de l&rsquo;\u00e9poque des dinosaures, provenant d&rsquo;une cr\u00e9ature marine pr\u00e9historique qui a r\u00e9gn\u00e9 dans les mers du Cr\u00e9tac\u00e9, il y a environ 70 \u00e0 66 millions d&rsquo;ann\u00e9es. Les mosasaures \u00e9taient de redoutables pr\u00e9dateurs, similaires \u00e0 des l\u00e9zards marins g\u00e9ants, et pouvaient atteindre jusqu&rsquo;\u00e0 17 m\u00e8tres <a class=\"read-more\" href=\"https:\/\/ateliersdefred.fr\/?product=dent-de-mosasaure\">READ MORE<\/a><\/p>\n","protected":false},"featured_media":1385,"comment_status":"open","ping_status":"closed","template":"","meta":[],"product_brand":[],"product_cat":[111,15],"product_tag":[],"class_list":{"0":"post-1389","1":"product","2":"type-product","3":"status-publish","4":"has-post-thumbnail","6":"product_cat-fossile","7":"product_cat-mineral","9":"first","10":"outofstock","11":"shipping-taxable","12":"purchasable","13":"product-type-simple"},"jetpack-related-posts":[],"jetpack_sharing_enabled":true,"_links":{"self":[{"href":"https:\/\/ateliersdefred.fr\/index.php?rest_route=\/wp\/v2\/product\/1389","targetHints":{"allow":["GET"]}}],"collection":[{"href":"https:\/\/ateliersdefred.fr\/index.php?rest_route=\/wp\/v2\/product"}],"about":[{"href":"https:\/\/ateliersdefred.fr\/index.php?rest_route=\/wp\/v2\/types\/product"}],"replies":[{"embeddable":true,"href":"https:\/\/ateliersdefred.fr\/index.php?rest_route=%2Fwp%2Fv2%2Fcomments&post=1389"}],"wp:featuredmedia":[{"embeddable":true,"href":"https:\/\/ateliersdefred.fr\/index.php?rest_route=\/wp\/v2\/media\/1385"}],"wp:attachment":[{"href":"https:\/\/ateliersdefred.fr\/index.php?rest_route=%2Fwp%2Fv2%2Fmedia&parent=1389"}],"wp:term":[{"taxonomy":"product_brand","embeddable":true,"href":"https:\/\/ateliersdefred.fr\/index.php?rest_route=%2Fwp%2Fv2%2Fproduct_brand&post=1389"},{"taxonomy":"product_cat","embeddable":true,"href":"https:\/\/ateliersdefred.fr\/index.php?rest_route=%2Fwp%2Fv2%2Fproduct_cat&post=1389"},{"taxonomy":"product_tag","embeddable":true,"href":"https:\/\/ateliersdefred.fr\/index.php?rest_route=%2Fwp%2Fv2%2Fproduct_tag&post=1389"}],"curies":[{"name":"wp","href":"https:\/\/api.w.org\/{rel}","templated":true}]}}