{"id":208,"date":"2022-05-05T02:34:55","date_gmt":"2022-05-05T00:34:55","guid":{"rendered":"https:\/\/ateliersdefred.fr\/?post_type=product&#038;p=208"},"modified":"2023-01-01T18:16:57","modified_gmt":"2023-01-01T17:16:57","slug":"bracelet-en-jaspe-mookaite","status":"publish","type":"product","link":"https:\/\/ateliersdefred.fr\/?product=bracelet-en-jaspe-mookaite","title":{"rendered":"Bracelet en Jaspe Mooka\u00efte"},"content":{"rendered":"","protected":false},"excerpt":{"rendered":"<p>Transmet une \u00e9nergie calmeet appaissant.<br \/>\nR\u00e9duit l&rsquo;ins\u00e9curit\u00e9 et nos peurs<br \/>\nAide \u00e0 la m\u00e9ditation et permet d&rsquo;ouvrir nos chakras<br \/>\nAm\u00e9liorer n\u00f4tre confiance en soi<br \/>\nNous aide a etre d\u00e9terminer sur de soi <\/p>\n","protected":false},"featured_media":209,"comment_status":"open","ping_status":"closed","template":"","meta":[],"product_brand":[],"product_cat":[17,37],"product_tag":[],"class_list":{"0":"post-208","1":"product","2":"type-product","3":"status-publish","4":"has-post-thumbnail","6":"product_cat-bracelet","7":"product_cat-sing","9":"first","10":"instock","11":"shipping-taxable","12":"purchasable","13":"product-type-simple"},"jetpack-related-posts":[],"jetpack_sharing_enabled":true,"_links":{"self":[{"href":"https:\/\/ateliersdefred.fr\/index.php?rest_route=\/wp\/v2\/product\/208","targetHints":{"allow":["GET"]}}],"collection":[{"href":"https:\/\/ateliersdefred.fr\/index.php?rest_route=\/wp\/v2\/product"}],"about":[{"href":"https:\/\/ateliersdefred.fr\/index.php?rest_route=\/wp\/v2\/types\/product"}],"replies":[{"embeddable":true,"href":"https:\/\/ateliersdefred.fr\/index.php?rest_route=%2Fwp%2Fv2%2Fcomments&post=208"}],"wp:featuredmedia":[{"embeddable":true,"href":"https:\/\/ateliersdefred.fr\/index.php?rest_route=\/wp\/v2\/media\/209"}],"wp:attachment":[{"href":"https:\/\/ateliersdefred.fr\/index.php?rest_route=%2Fwp%2Fv2%2Fmedia&parent=208"}],"wp:term":[{"taxonomy":"product_brand","embeddable":true,"href":"https:\/\/ateliersdefred.fr\/index.php?rest_route=%2Fwp%2Fv2%2Fproduct_brand&post=208"},{"taxonomy":"product_cat","embeddable":true,"href":"https:\/\/ateliersdefred.fr\/index.php?rest_route=%2Fwp%2Fv2%2Fproduct_cat&post=208"},{"taxonomy":"product_tag","embeddable":true,"href":"https:\/\/ateliersdefred.fr\/index.php?rest_route=%2Fwp%2Fv2%2Fproduct_tag&post=208"}],"curies":[{"name":"wp","href":"https:\/\/api.w.org\/{rel}","templated":true}]}}