{"id":2108,"date":"2025-10-24T22:38:28","date_gmt":"2025-10-24T20:38:28","guid":{"rendered":"https:\/\/ateliersdefred.fr\/?product=malachite"},"modified":"2025-10-24T22:40:35","modified_gmt":"2025-10-24T20:40:35","slug":"malachite","status":"publish","type":"product","link":"https:\/\/ateliersdefred.fr\/?product=malachite","title":{"rendered":"Malachite"},"content":{"rendered":"<p>Pierre roul\u00e9e de Malachite<\/p>\n<p>provenance (congo,Zambie ,Namibie,Australie,&#8230;)<\/p>\n<p>poids taille aspect peut varier selon arrivage<\/p>\n","protected":false},"excerpt":{"rendered":"<h3><strong>La Malachite<\/strong><\/h3>\n<p>La malachite est une pierre fascinante et envo\u00fbtante, reconnaissable \u00e0 ses nuances de vert profond parcourues de fines ondulations et de cercles naturels. Son nom provient du grec <em>malakh\u0113<\/em>, qui signifie \u00ab mauve \u00bb, en r\u00e9f\u00e9rence \u00e0 la couleur des feuilles de cette plante. Pierre cuprif\u00e8re, elle se forme dans les<strong> zones d\u2019ox<\/strong>ydation des gisements de cuivre, souvent en compagnie de l\u2019azurite ou de la chrysocolle.<\/p>\n<p>Symbole de <strong>transformation<\/strong>, de <strong>protection<\/strong> et de <strong>gu\u00e9rison int\u00e9rieure<\/strong>, la malachite relie les \u00e9nergies de la Terre \u00e0 celles du c\u0153ur, accompagnant les changements avec douceur et courage.<\/p>\n<hr>\n<h3><strong>Vertus et Bienfaits<\/strong><\/h3>\n<h4><strong>En Lithoth\u00e9rapie :<\/strong><\/h4>\n<p>La malachite est consid\u00e9r\u00e9e comme une <strong>pierre de transformation et d\u2019\u00e9volution personnelle<\/strong>. Elle aide \u00e0 identifier et \u00e0 lib\u00e9rer les blocages \u00e9motionnels, encourage le l\u00e2cher-prise et favorise le passage vers un renouveau plus align\u00e9 avec soi-m\u00eame.<\/p>\n<p>Sa vibration protectrice agit comme un bouclier \u00e9nerg\u00e9tique, absorbant les \u00e9nergies n\u00e9gatives et les influences ext\u00e9rieures ind\u00e9sirables. Elle renforce \u00e9galement la confiance en soi et la capacit\u00e9 \u00e0 affronter les changements avec d\u00e9termination et s\u00e9r\u00e9nit\u00e9.<\/p>\n<hr>\n<h4><strong>Au Niveau Bien-\u00eatre et Spirituel :<\/strong><\/h4>\n<p>Pierre du <strong>c\u0153ur<\/strong> par excellence, la malachite favorise l\u2019ouverture \u00e9motionnelle, la compassion et la paix int\u00e9rieure. Elle aide \u00e0 gu\u00e9rir les blessures affectives et \u00e0 restaurer l\u2019\u00e9quilibre \u00e9motionnel, tout en stimulant la sensibilit\u00e9 spirituelle.<\/p>\n<p>En m\u00e9ditation, elle favorise la connexion \u00e0 soi et \u00e0 la nature, et accompagne les processus de transformation int\u00e9rieure en douceur. Elle est souvent utilis\u00e9e pour harmoniser les \u00e9nergies et renforcer la stabilit\u00e9 \u00e9motionnelle au quotidien.<\/p>\n<hr>\n<h4><strong>Vertus Physiques (en lithoth\u00e9rapie)<\/strong> :<\/h4>\n<p>En lithoth\u00e9rapie, la malachite est r\u00e9put\u00e9e pour ses effets <strong>apaisants et r\u00e9g\u00e9n\u00e9rants<\/strong> sur le plan physique.<\/p>\n<p>On lui attribue notamment la capacit\u00e9 d\u2019<strong>accompagner la d\u00e9tente musculaire<\/strong> et de <strong>soutenir le bien-\u00eatre articulaire<\/strong>. Elle est \u00e9galement connue pour <strong>apaiser certaines tensions ou crampes<\/strong>, en particulier <strong>les douleurs menstruelles<\/strong>, ce qui lui vaut parfois le surnom de <em>pierre des femmes<\/em>.<\/p>\n<p>Toujours selon les traditions lithoth\u00e9rapeutiques, la malachite serait associ\u00e9e \u00e0 la <strong>d\u00e9toxification \u00e9nerg\u00e9tique du corps<\/strong> et au <strong>renforcement de la vitalit\u00e9 g\u00e9n\u00e9rale<\/strong>, notamment en soutenant les processus naturels de purification.<\/p>\n<p>\u26a0\ufe0f <em>Ces informations rel\u00e8vent de la lithoth\u00e9rapie et ne remplacent en aucun cas un avis ou un traitement m\u00e9dical.<\/em><\/p>\n<hr>\n<h3><strong>Provenance<\/strong><\/h3>\n<p>Les principaux gisements de malachite se situent en <strong>R\u00e9publique D\u00e9mocratique du Congo<\/strong>, en <strong>Zambie<\/strong>, en <strong>Russie<\/strong>, en <strong>Namibie<\/strong>, en <strong>Australie<\/strong> et aux <strong>\u00c9tats-Unis<\/strong>. Chaque r\u00e9gion offre des sp\u00e9cimens aux nuances et motifs uniques, mais toutes partagent cette m\u00eame \u00e9nergie vibrante de transformation et de gu\u00e9rison.<\/p>\n<hr>\n<h3><strong>Nettoyage et Rechargement<\/strong><\/h3>\n<p>La malachite est une pierre poreuse et d\u00e9licate : il est <strong>d\u00e9conseill\u00e9 de la nettoyer \u00e0 l\u2019eau<\/strong>.<\/p>\n<p>Pr\u00e9f\u00e9rez un <strong>nettoyage \u00e9nerg\u00e9tique doux<\/strong>, par <strong>fumigation<\/strong> (sauge, encens, palo santo) ou en la d\u00e9posant sur un <strong>amas de quartz<\/strong> ou une <strong>g\u00e9ode d\u2019am\u00e9thyste<\/strong>.<\/p>\n<p>Pour son <strong>rechargement<\/strong>, privil\u00e9giez la <strong>lumi\u00e8re douce du soleil levant<\/strong> ou la <strong>clart\u00e9 lunaire<\/strong>, qui r\u00e9activent ses vibrations sans l\u2019alt\u00e9rer.<\/p>\n<hr>\n<h3><strong>Conclusion<\/strong><\/h3>\n<p>Pierre de <strong>transformation, de protection et d\u2019ouverture du c\u0153ur<\/strong>, la malachite accompagne avec bienveillance tous ceux qui traversent des p\u00e9riodes de changement ou de renouveau.<\/p>\n<p>Elle favorise la lib\u00e9ration \u00e9motionnelle, le courage et la gu\u00e9rison int\u00e9rieure, tout en offrant une \u00e9nergie apaisante et protectrice.<\/p>\n<p>Son entretien r\u00e9gulier permet de pr\u00e9server sa beaut\u00e9 et sa force vibratoire, faisant d\u2019elle une alli\u00e9e pr\u00e9cieuse sur le chemin du <strong>bien-\u00eatre, de l\u2019\u00e9quilibre et de la croissance spirituelle<\/strong>.<\/p>\n<hr>\n","protected":false},"featured_media":2107,"comment_status":"open","ping_status":"closed","template":"","meta":[],"product_brand":[],"product_cat":[15,53,113,114],"product_tag":[],"class_list":{"0":"post-2108","1":"product","2":"type-product","3":"status-publish","4":"has-post-thumbnail","6":"product_cat-mineral","7":"product_cat-poli","8":"product_cat-pierre-roulee","9":"product_cat-pierre-roulee-mineral","11":"first","12":"instock","13":"shipping-taxable","14":"purchasable","15":"product-type-simple"},"jetpack-related-posts":[],"jetpack_sharing_enabled":true,"_links":{"self":[{"href":"https:\/\/ateliersdefred.fr\/index.php?rest_route=\/wp\/v2\/product\/2108","targetHints":{"allow":["GET"]}}],"collection":[{"href":"https:\/\/ateliersdefred.fr\/index.php?rest_route=\/wp\/v2\/product"}],"about":[{"href":"https:\/\/ateliersdefred.fr\/index.php?rest_route=\/wp\/v2\/types\/product"}],"replies":[{"embeddable":true,"href":"https:\/\/ateliersdefred.fr\/index.php?rest_route=%2Fwp%2Fv2%2Fcomments&post=2108"}],"wp:featuredmedia":[{"embeddable":true,"href":"https:\/\/ateliersdefred.fr\/index.php?rest_route=\/wp\/v2\/media\/2107"}],"wp:attachment":[{"href":"https:\/\/ateliersdefred.fr\/index.php?rest_route=%2Fwp%2Fv2%2Fmedia&parent=2108"}],"wp:term":[{"taxonomy":"product_brand","embeddable":true,"href":"https:\/\/ateliersdefred.fr\/index.php?rest_route=%2Fwp%2Fv2%2Fproduct_brand&post=2108"},{"taxonomy":"product_cat","embeddable":true,"href":"https:\/\/ateliersdefred.fr\/index.php?rest_route=%2Fwp%2Fv2%2Fproduct_cat&post=2108"},{"taxonomy":"product_tag","embeddable":true,"href":"https:\/\/ateliersdefred.fr\/index.php?rest_route=%2Fwp%2Fv2%2Fproduct_tag&post=2108"}],"curies":[{"name":"wp","href":"https:\/\/api.w.org\/{rel}","templated":true}]}}