{"id":599,"date":"2022-05-09T15:36:04","date_gmt":"2022-05-09T13:36:04","guid":{"rendered":"https:\/\/ateliersdefred.fr\/?post_type=product&#038;p=599"},"modified":"2023-01-16T22:29:08","modified_gmt":"2023-01-16T21:29:08","slug":"bracelet-en-obsidienne-acajou","status":"publish","type":"product","link":"https:\/\/ateliersdefred.fr\/?product=bracelet-en-obsidienne-acajou","title":{"rendered":"Bracelet en Obsidienne Acajou\/mahogani"},"content":{"rendered":"<p>Pierre de protection obsidienne Acajou ou appel\u00e9 \u00e9galement mahogani,<\/p>\n<p>Aiderait \u00e0 avoir une meilleure circulation sanguine, jambe lourde,h\u00e9morro\u00efdes&#8230;<\/p>\n<p>Detoxifie foie et reins<\/p>\n<p>Serait bonne pour la fortifications osseuse .<\/p>\n<p>Calme et facilite la digestion.<\/p>\n<p>favorise l&rsquo;imagination, att\u00e9nue la tristesse. repousse les mauvaises \u00e9nergies<\/p>\n","protected":false},"excerpt":{"rendered":"<p>Pierre de protection obsidienne Acajou ou appel\u00e9 \u00e9galement mahogani,<\/p>\n<p>Aiderait \u00e0 avoir une meilleure circulation sanguine, jambe lourde,h\u00e9morro\u00efdes\u2026<\/p>\n<p>Detoxifie fois et reins<\/p>\n<p>Serait bonne pour la fortifications osseuse .<\/p>\n<p>Calme et facilite la digestion.<\/p>\n<p>favorise l\u2019imagination, att\u00e9nue la tristesse. repousse les mauvaises \u00e9nergies<\/p>\n","protected":false},"featured_media":576,"comment_status":"open","ping_status":"closed","template":"","meta":[],"product_brand":[],"product_cat":[17,37],"product_tag":[],"class_list":{"0":"post-599","1":"product","2":"type-product","3":"status-publish","4":"has-post-thumbnail","6":"product_cat-bracelet","7":"product_cat-sing","9":"first","10":"instock","11":"shipping-taxable","12":"purchasable","13":"product-type-simple"},"jetpack-related-posts":[],"jetpack_sharing_enabled":true,"_links":{"self":[{"href":"https:\/\/ateliersdefred.fr\/index.php?rest_route=\/wp\/v2\/product\/599","targetHints":{"allow":["GET"]}}],"collection":[{"href":"https:\/\/ateliersdefred.fr\/index.php?rest_route=\/wp\/v2\/product"}],"about":[{"href":"https:\/\/ateliersdefred.fr\/index.php?rest_route=\/wp\/v2\/types\/product"}],"replies":[{"embeddable":true,"href":"https:\/\/ateliersdefred.fr\/index.php?rest_route=%2Fwp%2Fv2%2Fcomments&post=599"}],"wp:featuredmedia":[{"embeddable":true,"href":"https:\/\/ateliersdefred.fr\/index.php?rest_route=\/wp\/v2\/media\/576"}],"wp:attachment":[{"href":"https:\/\/ateliersdefred.fr\/index.php?rest_route=%2Fwp%2Fv2%2Fmedia&parent=599"}],"wp:term":[{"taxonomy":"product_brand","embeddable":true,"href":"https:\/\/ateliersdefred.fr\/index.php?rest_route=%2Fwp%2Fv2%2Fproduct_brand&post=599"},{"taxonomy":"product_cat","embeddable":true,"href":"https:\/\/ateliersdefred.fr\/index.php?rest_route=%2Fwp%2Fv2%2Fproduct_cat&post=599"},{"taxonomy":"product_tag","embeddable":true,"href":"https:\/\/ateliersdefred.fr\/index.php?rest_route=%2Fwp%2Fv2%2Fproduct_tag&post=599"}],"curies":[{"name":"wp","href":"https:\/\/api.w.org\/{rel}","templated":true}]}}