{"id":602,"date":"2022-05-09T16:24:14","date_gmt":"2022-05-09T14:24:14","guid":{"rendered":"https:\/\/ateliersdefred.fr\/?post_type=product&#038;p=602"},"modified":"2025-08-28T09:14:34","modified_gmt":"2025-08-28T07:14:34","slug":"bracelet-en-amethyste","status":"publish","type":"product","link":"https:\/\/ateliersdefred.fr\/?product=bracelet-en-amethyste","title":{"rendered":"Bracelet en Am\u00e9thyste"},"content":{"rendered":"<p>AM\u00c9THYSTE<\/p>\n<p>Vertus bien-\u00eatre en lithoth\u00e9rapie<\/p>\n<p>Corps :<br \/>\nL\u2019am\u00e9thyste est connue pour favoriser un sommeil paisible et r\u00e9parateur. Elle accompagne \u00e9galement les d\u00e9marches de lib\u00e9ration des d\u00e9pendances en soutenant la ma\u00eetrise de soi et l\u2019\u00e9quilibre int\u00e9rieur.<\/p>\n<p>Esprit :<br \/>\nPierre de paix int\u00e9rieure, elle aide \u00e0 calmer les angoisses et le stress. Elle apporte clart\u00e9 mentale, s\u00e9r\u00e9nit\u00e9 et encourage une r\u00e9flexion plus lucide.<\/p>\n<p>Spirituel :<br \/>\nSymbole de sagesse et d\u2019\u00e9l\u00e9vation spirituelle, l\u2019am\u00e9thyste est id\u00e9ale pour la m\u00e9ditation et l\u2019ouverture de conscience. Elle guide vers une meilleure connexion avec son intuition et sa dimension spirituelle.<\/p>\n","protected":false},"excerpt":{"rendered":"<p>Am\u00e9thyste<br \/>\nPaix int\u00e9rieure \u2013 Sommeil \u2013 Anti-stress \u2013 D\u00e9pendances \u2013 Sagesse \u2013 M\u00e9ditation<\/p>\n","protected":false},"featured_media":603,"comment_status":"open","ping_status":"closed","template":"","meta":[],"product_brand":[],"product_cat":[17,37],"product_tag":[],"class_list":{"0":"post-602","1":"product","2":"type-product","3":"status-publish","4":"has-post-thumbnail","6":"product_cat-bracelet","7":"product_cat-sing","9":"first","10":"instock","11":"shipping-taxable","12":"purchasable","13":"product-type-simple"},"jetpack-related-posts":[],"jetpack_sharing_enabled":true,"_links":{"self":[{"href":"https:\/\/ateliersdefred.fr\/index.php?rest_route=\/wp\/v2\/product\/602","targetHints":{"allow":["GET"]}}],"collection":[{"href":"https:\/\/ateliersdefred.fr\/index.php?rest_route=\/wp\/v2\/product"}],"about":[{"href":"https:\/\/ateliersdefred.fr\/index.php?rest_route=\/wp\/v2\/types\/product"}],"replies":[{"embeddable":true,"href":"https:\/\/ateliersdefred.fr\/index.php?rest_route=%2Fwp%2Fv2%2Fcomments&post=602"}],"wp:featuredmedia":[{"embeddable":true,"href":"https:\/\/ateliersdefred.fr\/index.php?rest_route=\/wp\/v2\/media\/603"}],"wp:attachment":[{"href":"https:\/\/ateliersdefred.fr\/index.php?rest_route=%2Fwp%2Fv2%2Fmedia&parent=602"}],"wp:term":[{"taxonomy":"product_brand","embeddable":true,"href":"https:\/\/ateliersdefred.fr\/index.php?rest_route=%2Fwp%2Fv2%2Fproduct_brand&post=602"},{"taxonomy":"product_cat","embeddable":true,"href":"https:\/\/ateliersdefred.fr\/index.php?rest_route=%2Fwp%2Fv2%2Fproduct_cat&post=602"},{"taxonomy":"product_tag","embeddable":true,"href":"https:\/\/ateliersdefred.fr\/index.php?rest_route=%2Fwp%2Fv2%2Fproduct_tag&post=602"}],"curies":[{"name":"wp","href":"https:\/\/api.w.org\/{rel}","templated":true}]}}