{"id":638,"date":"2022-05-09T16:54:51","date_gmt":"2022-05-09T14:54:51","guid":{"rendered":"https:\/\/ateliersdefred.fr\/?post_type=product&#038;p=638"},"modified":"2025-08-28T08:53:52","modified_gmt":"2025-08-28T06:53:52","slug":"bracelet-en-howlite","status":"publish","type":"product","link":"https:\/\/ateliersdefred.fr\/?product=bracelet-en-howlite","title":{"rendered":"Bracelet en Howlite (Paix\/ S\u00e9r\u00e9nit\u00e9 )"},"content":{"rendered":"<blockquote><p>Howlite<\/p>\n<p>Vertus bien-\u00eatre en lithoth\u00e9rapie<\/p>\n<p>Corps :<br \/>\nLa howlite soutient les d\u00e9marches de mieux-\u00eatre en aidant \u00e0 r\u00e9guler les exc\u00e8s et \u00e0 apaiser les pulsions alimentaires. Elle accompagne la perte de poids de mani\u00e8re douce et favorise un meilleur \u00e9quilibre du transit. On dit aussi qu\u2019elle contribue \u00e0 rel\u00e2cher les tensions accumul\u00e9es dans le corps, facilitant ainsi un \u00e9tat de d\u00e9tente propice au repos.<\/p>\n<p>Esprit :<br \/>\nPierre de calme et de s\u00e9r\u00e9nit\u00e9, la howlite aide \u00e0 diminuer le stress et les pens\u00e9es envahissantes. Elle favorise la patience, la paix int\u00e9rieure et pr\u00e9pare le mental \u00e0 un sommeil plus paisible.<\/p>\n<p>Spirituel :<br \/>\nEn lithoth\u00e9rapie, la howlite est consid\u00e9r\u00e9e comme une pierre d\u2019harmonie. Elle facilite l\u2019introspection, ouvre \u00e0 la sagesse et accompagne les pratiques m\u00e9ditatives. Elle invite \u00e0 la paix de l\u2019\u00e2me et \u00e0 une meilleure connexion avec son intuition. <\/p><\/blockquote>\n","protected":false},"excerpt":{"rendered":"<p>Howlite Vertus bien-\u00eatre en lithoth\u00e9rapie Corps : La howlite soutient les d\u00e9marches de mieux-\u00eatre en aidant \u00e0 r\u00e9guler les exc\u00e8s et \u00e0 apaiser les pulsions alimentaires. Elle accompagne la perte de poids de mani\u00e8re douce et favorise un meilleur \u00e9quilibre du transit. On dit aussi qu\u2019elle contribue \u00e0 rel\u00e2cher les tensions accumul\u00e9es dans le corps, <a class=\"read-more\" href=\"https:\/\/ateliersdefred.fr\/?product=bracelet-en-howlite\">READ MORE<\/a><\/p>\n","protected":false},"featured_media":639,"comment_status":"open","ping_status":"closed","template":"","meta":[],"product_brand":[],"product_cat":[17,37],"product_tag":[],"class_list":{"0":"post-638","1":"product","2":"type-product","3":"status-publish","4":"has-post-thumbnail","6":"product_cat-bracelet","7":"product_cat-sing","9":"first","10":"instock","11":"shipping-taxable","12":"purchasable","13":"product-type-simple"},"jetpack-related-posts":[],"jetpack_sharing_enabled":true,"_links":{"self":[{"href":"https:\/\/ateliersdefred.fr\/index.php?rest_route=\/wp\/v2\/product\/638","targetHints":{"allow":["GET"]}}],"collection":[{"href":"https:\/\/ateliersdefred.fr\/index.php?rest_route=\/wp\/v2\/product"}],"about":[{"href":"https:\/\/ateliersdefred.fr\/index.php?rest_route=\/wp\/v2\/types\/product"}],"replies":[{"embeddable":true,"href":"https:\/\/ateliersdefred.fr\/index.php?rest_route=%2Fwp%2Fv2%2Fcomments&post=638"}],"wp:featuredmedia":[{"embeddable":true,"href":"https:\/\/ateliersdefred.fr\/index.php?rest_route=\/wp\/v2\/media\/639"}],"wp:attachment":[{"href":"https:\/\/ateliersdefred.fr\/index.php?rest_route=%2Fwp%2Fv2%2Fmedia&parent=638"}],"wp:term":[{"taxonomy":"product_brand","embeddable":true,"href":"https:\/\/ateliersdefred.fr\/index.php?rest_route=%2Fwp%2Fv2%2Fproduct_brand&post=638"},{"taxonomy":"product_cat","embeddable":true,"href":"https:\/\/ateliersdefred.fr\/index.php?rest_route=%2Fwp%2Fv2%2Fproduct_cat&post=638"},{"taxonomy":"product_tag","embeddable":true,"href":"https:\/\/ateliersdefred.fr\/index.php?rest_route=%2Fwp%2Fv2%2Fproduct_tag&post=638"}],"curies":[{"name":"wp","href":"https:\/\/api.w.org\/{rel}","templated":true}]}}