{"id":670,"date":"2022-05-09T17:15:25","date_gmt":"2022-05-09T15:15:25","guid":{"rendered":"https:\/\/ateliersdefred.fr\/?post_type=product&#038;p=670"},"modified":"2022-11-21T23:29:53","modified_gmt":"2022-11-21T22:29:53","slug":"bracelet-en-cristal-de-roche","status":"publish","type":"product","link":"https:\/\/ateliersdefred.fr\/?product=bracelet-en-cristal-de-roche","title":{"rendered":"Bracelet en Cristal de roche (Amplificateur,Boost)"},"content":{"rendered":"<p>Bracelet  en perles de min\u00e9raux<br \/>\nCristal de roche 8mm<\/p>\n","protected":false},"excerpt":{"rendered":"<p>Le cristal de roche :<\/p>\n<p>Outils th\u00e9rapeutique car il est \u00e0 la fois<br \/>\namplificateur, r\u00e9cepteur et purificateur.<br \/>\nAide \u00e0 la m\u00e9ditation<br \/>\nCalme les maux de t\u00eate<br \/>\nAbsorbe les ondes n\u00e9gatives<br \/>\nPierre de protection spirituelle<br \/>\nAide \u00e0 la clart\u00e9 des visions, des r\u00eaves <\/p>\n","protected":false},"featured_media":568,"comment_status":"open","ping_status":"closed","template":"","meta":[],"product_brand":[],"product_cat":[17,37],"product_tag":[102],"class_list":{"0":"post-670","1":"product","2":"type-product","3":"status-publish","4":"has-post-thumbnail","6":"product_cat-bracelet","7":"product_cat-sing","8":"product_tag-cr","10":"first","11":"instock","12":"shipping-taxable","13":"purchasable","14":"product-type-simple"},"jetpack-related-posts":[],"jetpack_sharing_enabled":true,"_links":{"self":[{"href":"https:\/\/ateliersdefred.fr\/index.php?rest_route=\/wp\/v2\/product\/670","targetHints":{"allow":["GET"]}}],"collection":[{"href":"https:\/\/ateliersdefred.fr\/index.php?rest_route=\/wp\/v2\/product"}],"about":[{"href":"https:\/\/ateliersdefred.fr\/index.php?rest_route=\/wp\/v2\/types\/product"}],"replies":[{"embeddable":true,"href":"https:\/\/ateliersdefred.fr\/index.php?rest_route=%2Fwp%2Fv2%2Fcomments&post=670"}],"wp:featuredmedia":[{"embeddable":true,"href":"https:\/\/ateliersdefred.fr\/index.php?rest_route=\/wp\/v2\/media\/568"}],"wp:attachment":[{"href":"https:\/\/ateliersdefred.fr\/index.php?rest_route=%2Fwp%2Fv2%2Fmedia&parent=670"}],"wp:term":[{"taxonomy":"product_brand","embeddable":true,"href":"https:\/\/ateliersdefred.fr\/index.php?rest_route=%2Fwp%2Fv2%2Fproduct_brand&post=670"},{"taxonomy":"product_cat","embeddable":true,"href":"https:\/\/ateliersdefred.fr\/index.php?rest_route=%2Fwp%2Fv2%2Fproduct_cat&post=670"},{"taxonomy":"product_tag","embeddable":true,"href":"https:\/\/ateliersdefred.fr\/index.php?rest_route=%2Fwp%2Fv2%2Fproduct_tag&post=670"}],"curies":[{"name":"wp","href":"https:\/\/api.w.org\/{rel}","templated":true}]}}