{"id":964,"date":"2022-10-19T13:05:44","date_gmt":"2022-10-19T11:05:44","guid":{"rendered":"https:\/\/ateliersdefred.fr\/?post_type=product&#038;p=964"},"modified":"2023-07-19T14:11:18","modified_gmt":"2023-07-19T12:11:18","slug":"bracelet-arthrose","status":"publish","type":"product","link":"https:\/\/ateliersdefred.fr\/?product=bracelet-arthrose","title":{"rendered":"Bracelet Arthrose"},"content":{"rendered":"<blockquote><p>Ce bracelet est confectionn\u00e9 \u00e0 la main 100% artisanal.<\/p>\n<p>&nbsp;<\/p>\n<p>&nbsp;<\/p>\n<p>Je m\u00e9lange les vertus \u00e9nerg\u00e9tiques et \u00e9sot\u00e9riques des pierres.<\/p>\n<p>&nbsp;<\/p>\n<p>&nbsp;<\/p>\n<p>Dans le respect de la lithoth\u00e9rapie .<\/p><\/blockquote>\n<p>&nbsp;<\/p>\n<p>&nbsp;<\/p>\n<p>&nbsp;<\/p>\n<p>la lithotherapie reste du bien \u00eatre et ne remplace en aucun cas un avis m\u00e9dical, aucun soin ou traitement ne doit \u00eatre arr\u00eat\u00e9<\/p>\n","protected":false},"excerpt":{"rendered":"<p>ARTHROSE<\/p>\n<p>MALACHITE-AZURITE:<\/p>\n<p>Pierre tr\u00e8s riche en cuivre qui est connu entend que pierres antidouleurs permettra de lutter contre les probl\u00e8mes inflammatoire .<\/p>\n<p>APATITE:<\/p>\n<p>Pierre qui renforce et prot\u00e8ge les os et les articulations.<\/p>\n<p>HEMATITE:<\/p>\n<p>Pierre tr\u00e8s robuste riche en fer elle apporte un meilleur afflux sanguin une meilleure r\u00e9g\u00e9n\u00e9ration<\/p>\n<p>CHRYSOCOLLE:<\/p>\n<p>Permet d&rsquo;att\u00e9nuer les spasmes musculaires est troubles osseux<\/p>\n<p>Soulage des rhumatismes et L&rsquo;arthrite<\/p>\n<p>TOURMALINE :<\/p>\n<p>Renforce le syst\u00e8me immunitaire et permet d&rsquo;augmenter l&rsquo;\u00e9lasticit\u00e9 des tendons<\/p>\n<p>&nbsp;<\/p>\n<p>Mais \u00e9galement profit\u00e9es des autres vertus naturelles de ces pierres.<\/p>\n","protected":false},"featured_media":965,"comment_status":"open","ping_status":"closed","template":"","meta":[],"product_brand":[],"product_cat":[17,75],"product_tag":[81],"class_list":{"0":"post-964","1":"product","2":"type-product","3":"status-publish","4":"has-post-thumbnail","6":"product_cat-bracelet","7":"product_cat-bracelet-specifique","8":"product_tag-arthrose1","10":"first","11":"instock","12":"shipping-taxable","13":"purchasable","14":"product-type-simple"},"jetpack-related-posts":[],"jetpack_sharing_enabled":true,"_links":{"self":[{"href":"https:\/\/ateliersdefred.fr\/index.php?rest_route=\/wp\/v2\/product\/964","targetHints":{"allow":["GET"]}}],"collection":[{"href":"https:\/\/ateliersdefred.fr\/index.php?rest_route=\/wp\/v2\/product"}],"about":[{"href":"https:\/\/ateliersdefred.fr\/index.php?rest_route=\/wp\/v2\/types\/product"}],"replies":[{"embeddable":true,"href":"https:\/\/ateliersdefred.fr\/index.php?rest_route=%2Fwp%2Fv2%2Fcomments&post=964"}],"wp:featuredmedia":[{"embeddable":true,"href":"https:\/\/ateliersdefred.fr\/index.php?rest_route=\/wp\/v2\/media\/965"}],"wp:attachment":[{"href":"https:\/\/ateliersdefred.fr\/index.php?rest_route=%2Fwp%2Fv2%2Fmedia&parent=964"}],"wp:term":[{"taxonomy":"product_brand","embeddable":true,"href":"https:\/\/ateliersdefred.fr\/index.php?rest_route=%2Fwp%2Fv2%2Fproduct_brand&post=964"},{"taxonomy":"product_cat","embeddable":true,"href":"https:\/\/ateliersdefred.fr\/index.php?rest_route=%2Fwp%2Fv2%2Fproduct_cat&post=964"},{"taxonomy":"product_tag","embeddable":true,"href":"https:\/\/ateliersdefred.fr\/index.php?rest_route=%2Fwp%2Fv2%2Fproduct_tag&post=964"}],"curies":[{"name":"wp","href":"https:\/\/api.w.org\/{rel}","templated":true}]}}